) in base 6?
11503155
What is 33134114 (base 7) in base 15?
3b4248
Convert 2535554 (base 7) to base 5.
41003120
Convert 1021210110200 (base 3) to base 12.
290409
Convert 16bc4 (base 16) to base 14.
25d1a
What is -3336466 (base 7) in base 2?
-1100100110011001001
-220354142 (base 6) to base 9
-7380138
745343 (base 9) to base 5
103143024
Convert 101001010001101110110011 (base 2) to base 13.
231b1a7
-6ab718 (base 13) to base 9
-4688441
9cc15 (base 16) to base 9
1177670
Convert -11fac (base 16) to base 15.
-16c49
Convert -111400404 (base 5) to base 10.
-496979
231140200 (base 5) to base 2
11111101001001111101
What is -100111010011110000110 (base 2) in base 15?
-1a69b5
Convert -1cbc74 (base 15) to base 4.
-11113131121
What is 72133 (base 10) in base 11?
4a216
Convert 50515357 (base 8) to base 12.
369ab53
What is -35511415 (base 7) in base 4?
-30000002011
-43420024 (base 7) to base 14
-6cb54b
Convert -606363 (base 10) to base 7.
-5103552
What is 120020211 (base 4) in base 13?
35cc1
c6a9a1 (base 13) to base 8
21573010
-2840c6 (base 15) to base 3
-10122102122220
What is 201530 (base 8) in base 11?
45977
-10cc7f (base 16) to base 10
-1100927
-100001010100100111011110 (base 2) to base 13
-1a6ac74
113034204 (base 5) to base 9
868565
537a78 (base 11) to base 12
355692
What is 23330101 (base 6) in base 4?
2301200311
Convert -423516 (base 8) to base 9.
-234535
-322147 (base 10) to base 15
-656b7
484a5 (base 12) to base 8
276275
What is 212001011101022 (base 3) in base 4?
232231300010
What is -6c005d (base 16) in base 13?
-160a871
-704947 (base 12) to base 8
-6532107
-211200120111 (base 3) to base 7
-3536641
22213031 (base 4) to base 9
65558
Convert 201020202102 (base 3) to base 11.
239747
Convert 240079 (base 10) to base 12.
b6b27
What is 1c6c7 (base 16) in base 8?
343307
62a74 (base 16) to base 10
404084
31380b (base 12) to base 14
161cb9
What is 31a35 (base 16) in base 13?
7170a
What is 5906586 (base 11) in base 10?
10315949
What is -22020101012 (base 3) in base 4?
-213211001
What is 35641230 (base 8) in base 5?
4000101312
Convert -116cb54 (base 13) to base 8.
-24456400
4ca351 (base 16) to base 14
94a533
442423005 (base 6) to base 16
798cad
4c8749 (base 14) to base 16
28379d
-36717 (base 14) to base 8
-403761
Convert 5266743 (base 8) to base 12.
578883
Convert -1c9c30 (base 13) to base 16.
-b3a79
Convert 159f (base 16) to base 14.
2035
-41c80 (base 15) to base 5
-23134240
Convert -1102021012100 (base 3) to base 9.
-1367170
What is f1377 (base 16) in base 14?
1ba0d1
14323566 (base 8) to base 15
4442c4
-3677226 (base 8) to base 3
-1220120221010
Convert 821c8a (base 13) to base 6.
144552045
What is 7a8ebd (base 15) in base 2?
10110010100110000101011
298381 (base 10) to base 4
1020312031
257e5 (base 15) to base 10
119915
-101110011010111 (base 2) to base 3
-1012121021
Convert -5a981 (base 12) to base 15.
-263bd
What is -659a9 (base 13) in base 6?
-3535523
Convert -1176c40 (base 13) to base 2.
-10100101001100110101011
Convert -12084 (base 13) to base 2.
-1000000100100111
Convert 236756 (base 10) to base 12.
b5018
What is -170965 (base 12) in base 5?
-100122412
Convert d90873 (base 15) to base 9.
21383250
Convert -111210002101 (base 3) to base 9.
-453071
Convert -221166 (base 8) to base 7.
-426534
What is 134047 (base 10) in base 3?
20210212201
1150742 (base 9) to base 3
1011200211102
What is -142838 (base 10) in base 13?
-50027
What is -23b3 (base 16) in base 3?
-110112111
Convert -11177016 (base 8) to base 15.
-32d4c4
Convert -1131131155 (base 6) to base 9.
-25728348
What is -2210010111 (base 3) in base 14?
-15d61
Convert -3b5ee (base 15) to base 2.
-101110011110001101
What is 100110100011101 (base 2) in base 7?
111361
Convert 2463432 (base 11) to base 15.
5980c4
What is 613114 (base 7) in base 8?
313614
What is -30ab9b (base 14) in base 7?
-16652454
What is -3626642 (base 7) in base 14?
-bddc9
What is -3137203 (base 10) in base 3?
-12220101102201
-10e5c (base 15) to base 11
-37516
Convert -130042221 (base 5) to base 15.
-c6041
Convert -110000100110111010111 (base 2) to base 14.
-2d666b
Convert 2661bb (base 13) to base 3.
1202010020021
118c9 (base 14) to base 11
2a265
Convert -15dbbcd (base 14) to base 11.
-608308a
Convert -40623 (base 14) to base 8.
-456367
10011000111110111 (base 2) to base 8
230767
-7f7f58 (base 16) to base 14
-11770da
101000010111101101100 (base 2) to base 12
539664
Convert -44b382 (base 13) to base 2.
-110001100100010000100
-124216 (base 9) to base 8
-223000
-2348777 (base 9) to base 15
-1a2197
What is -473504 (base 8) in base 15?
-32d39
45376 (base 10) to base 11
31101
Convert -312681 (base 11) to base 4.
-1322120113
Convert 55342 (base 6) to base 9.
11488
Convert 303300451 (base 6) to base 4.
103312012033
What is 627554 (base 8) in base 2?
110010111101101100
6ac846 (base 13) to base 11
148621a
Convert 100010132022 (base 4) to base 3.
21221000121220
Convert 220442133 (base 5) to base 13.
2748aa
-ab6b8 (base 13) to base 8
-1137236
21e976 (base 15) to base 10
1618761
121000210022101 (base 3) to base 6
502325531
What is -33aa7c (base 15) in base 5?
-1112403432
Convert -10222102202 (base 3) to base 12.
-393a8
-10001011011101111010 (base 2) to base 11
-360216
1783b (base 15) to base 6
1344202
-19a061 (base 15) to base 11
-783300
-123762 (base 9) to base 8
-222345
Convert 1027722 (base 10) to base 11.
642163
What is -5412642 (base 8) in base 10?
-1447330
Convert -5c11ae (base 15) to base 14.
-82a671
What is -646003 (base 9) in base 4?
-1131332103
-10102221211 (base 4) to base 7
-12363532
Convert 2904305 (base 11) to base 6.
255044053
What is 143622 (base 8) in base 7?
301644
What is 12021201102011 (base 3) in base 6?
140113134
342423001 (base 5) to base 4
11311132113
Convert -133b233 (base 13) to base 8.
-27052146
34030034 (base 5) to base 2
1001000111100010001
What is -13535456 (base 7) in base 10?
-1269680
What is -17012e (base 16) in base 13?
-40a2b7
What is 20ebad (base 15) in base 9?
2850681
Convert -110101101010010111100 (base 2) to base 11.
-aa1122
Convert -20131331 (base 5) to base 8.
-473272
What is 43acb4 (base 13) in base 2?
110000101011001111000
What is -29c9c (base 14) in base 4?
-121121102
What is -3102001102 (base 4) in base 13?
-241726
Convert 15333642 (base 8) to base 14.
678d46
144322023 (base 5) to base 15
105128
What is 4ae7 (base 15) in base 6?
201531
310440 (base 8) to base 9
165767
-202019 (base 11) to base 10
-324784
33010210232 (base 4) to base 16
3c492e
11010001010101001100 (base 2) to base 4
3101111030
Convert 2212211131 (base 4) to base 6.
22342541
What is -5975 (base 16) in base 11?
-1622a
519344 (base 12) to base 2
100111000101110100100
Convert -370a1 (base 12) to base 3.
-10210002111
Convert 1020232202 (base 4) to base 8.
1105642
14634301 (base 7) to base 13
3a1bc3
-1000100101111010111 (base 2) to base 5
-33002214
2011110112010 (base 3) to base 15
17ae63
What is 324261 (base 9) in base 11?
122340
What is -202011102000000 (base 3) in base 2?
-101000111000000110110011
122021200000 (base 3) to base 9
567600
What is 1705250 (base 8) in base 15?
9b69d
2211123 (base 5) to base 3
1221112002
What is 440202003 (base 5) in base 13?
50b520
336abd (base 16) to base 9
6305267
2143100 (base 5) to base 14
d827
-10010402 (base 5) to base 13
-29b77
What is 17cbc5 (base 14) in base 4?
3031210021
5ad491 (base 15) to base 2
10000100101100010000100
-330740 (base 9) to base 10
-197433
-4412156 (base 7) to base 3
-1000111010002
Convert -21333222 (base 5) to base 4.
-230310022
-6362516 (base 7) to base 14
-16130d
Convert -44141 (base 9) to base 12.
-14b3a
-767891 (base 10) to base 2
-10111011011110010011
What is 87021 (base 9) in base 10?
57610
3e315 (base 16) to base 8
761425
What is 1222212101 (base 3) in base 5?
2224033
346d08 (base 15) to base 9
4635518
11111011100111110 (base 2) to base 3
20112201111
What is -1410143041 (base 5) in base 16?
-36ed9b
What is -15b6384 (base 13) in base 11?
-3a59717
Convert -173357 (base 9) to base 12.
-5222a
-544c2a (base 14) to base 8
-12712326
84b077 (base 13) to base 5
1243440403
-c1aeab (base 16) to base 8
-60327253
1013573 (base 8) to base 10
268155
34331141 (base 5) to base 11
1a069a
Convert 10102231010 (base 4) to base 10.
1125188
1334310 (base 5) to base 9
41585
Convert 244833 (base 12) t